{"id":53,"date":"2023-11-07T23:02:27","date_gmt":"2023-11-07T22:02:27","guid":{"rendered":"https:\/\/trnoslav.vjeronauk.net\/?page_id=53"},"modified":"2023-11-07T23:07:19","modified_gmt":"2023-11-07T22:07:19","slug":"sveta-hildegarda-iz-bingena-prorocica-misticarka-i-nauciteljica-crkve","status":"publish","type":"page","link":"https:\/\/trnoslav.vjeronauk.net\/?page_id=53","title":{"rendered":"Sveta Hildegarda iz Bingena \u2013 proro\u010dica, misti\u010darka i nau\u010diteljica Crkve"},"content":{"rendered":"\n<p>Sveta Hildegarda iz Bingena (1098.\u2013 1179.), \u201cnjema\u010dka proro\u010dica\u201d, kako su je nazvali njezini suvremenici, jedna je od najneobi\u010dnijih i najfascinantnijih \u017eena svih vremena. Bavila se medicinom i prirodnim znanostima, pisala je i skladala pjesme, a izmislila je \u010dak i vlastito pismo. Aktivno je sudjelovala i u politi\u010dkim i dru\u0161tvenim strujanjima svojega vremena, propovijedala je o Bogu i bila na glasu zbog svoje mudrosti te su joj po savjet dolazili kraljevi, sve\u0107enici, redovnice i redovnici, kao i obi\u010dni pu\u010dani. Ova iznimna, kulturno i dru\u0161tveno osvije\u0161tena \u017eena propovijedala je na trgovima i crkvama, dopisivala se s papama, biskupima, carevima i pu\u010danima. Krhka fizi\u010dkoga zdravlja, bila je obdarena&nbsp; vi\u0111enjima, a postoje i brojna svjedo\u010danstva o njezinim proro\u0161tvima i \u010dudima.<\/p>\n\n\n\n<p>Utemeljila benediktinske samostane na Rupertsbergu (izme\u0111u 1147. i 1150. god.) te u Eibingenu kraj R\u00fcdesheima (1165. god.).<\/p>\n\n\n\n<p>U svojim spisima sveta Hildegarda me\u0111u ostalim pru\u017ea i mno\u0161tvo savjeta o prehrani i bogatstvu \u0161to ga sadr\u017ee namirnice, a njezina su otkri\u0107a i danas, 800 godina kasnije, vrlo aktualna.&nbsp;Ova benediktinska proro\u010dica, knji\u017eevnica i skladateljica napisala je brojna vrijedna dijela iz podru\u010dja medicine, psihologije, poezije, glazbe, teologije, psihoterapije i bo\u017eanskih vizija.<\/p>\n\n\n\n<p>Napisala je trilogiju: Spoznaj putove (Scivias, izme\u0111u 1141. i 1151.), Knjiga \u017eivotnih zasluga (Liber vitae meritorum, izme\u0111u 1158. i 1163.) i Knjiga Bo\u017ejih djela (Liber Divinorum operum, izme\u0111u 1165. i 1174.).<\/p>\n\n\n\n<p>Autorica je i medicinskih, odnosno prirodno filozofijskih djela, O prirodi (Physica) i Uzroci i lije\u010denje (Causae et curae), nastalih izme\u0111u 1150. i 1158.<\/p>\n\n\n\n<p>Glazbena djela: Simfonija sklada nebeskih objava (Symphonia harmoniae caelestium revelationum, ukupno 77 djela, me\u0111u kojima 43 antifone, 18 responzorija, 7 himana, 7 sekvenci i drugih liturgijskih i pobo\u017enih skladbi), liturgijska drama Red vrlina (Ordo virtutum), nastala 1150. ili 1151.<\/p>\n\n\n\n<p>Njene recepture bile su tajne 800 godina, dok lije\u010dnik dr. Gottfried Hertzka, bje\u017ee\u0107i od nacista, nije do\u0161ao u Konstanz.&nbsp;Postao je prvi \u010dovjek koji je pro\u010ditao Hildegardine knjige.<\/p>\n\n\n\n<p>Trebalo mu je 20 godine da ih prevede s latinskog jezika na njema\u010dki i tako svijetu dade niz vrijednih lijekova. Osam i pol stolje\u0107a nakon smrti ove svetice, znanost potvr\u0111uje djelovanje lijekova koje je Sveta Hildegarda spoznala putem vizija.<\/p>\n\n\n\n<p>Iako osobno nikada nije prakticirala medicinu, za sobom je ostavila spise za oko 2000 ljekovitih pripravaka. Njen holisti\u010dki pristup gledao je na \u010dovjeka kao cjelinu.&nbsp; Ljudima je poru\u010dila:&nbsp;<\/p>\n\n\n\n<p><em>\u201cMnogi od vas tra\u017ee lijekove, ali bitno je da krenete od sebe, jer su mnoge va\u0161e fizi\u010dke bolesti manifestacija psihi\u010dkih povreda. Oprostite i krenite dalje.\u201c<\/em><\/p>\n\n\n\n<p>Papa Ivan XXII. proglasio je Hildegardu 1326. bla\u017eenom, a papa Benedikt XVI. potvrdio je 2012. njezinu svetost i proglasio ju crkvenom nau\u010diteljicom.<\/p>\n\n\n\n<p><\/p>\n","protected":false},"excerpt":{"rendered":"<p>Sveta Hildegarda iz Bingena (1098.\u2013 1179.), \u201cnjema\u010dka proro\u010dica\u201d, kako su je nazvali njezini suvremenici, jedna je od najneobi\u010dnijih i najfascinantnijih \u017eena svih vremena. Bavila se medicinom i prirodnim znanostima, pisala je i skladala pjesme, a izmislila je \u010dak i vlastito pismo. Aktivno je sudjelovala i u politi\u010dkim i dru\u0161tvenim strujanjima svojega vremena, propovijedala je o &hellip; <a href=\"https:\/\/trnoslav.vjeronauk.net\/?page_id=53\" class=\"more-link\">Nastavi \u010ditati <span class=\"screen-reader-text\">Sveta Hildegarda iz Bingena \u2013 proro\u010dica, misti\u010darka i nau\u010diteljica Crkve<\/span><\/a><\/p>\n","protected":false},"author":1,"featured_media":57,"parent":0,"menu_order":0,"comment_status":"closed","ping_status":"closed","template":"","meta":{"footnotes":""},"class_list":["post-53","page","type-page","status-publish","has-post-thumbnail","hentry"],"_links":{"self":[{"href":"https:\/\/trnoslav.vjeronauk.net\/index.php?rest_route=\/wp\/v2\/pages\/53","targetHints":{"allow":["GET"]}}],"collection":[{"href":"https:\/\/trnoslav.vjeronauk.net\/index.php?rest_route=\/wp\/v2\/pages"}],"about":[{"href":"https:\/\/trnoslav.vjeronauk.net\/index.php?rest_route=\/wp\/v2\/types\/page"}],"author":[{"embeddable":true,"href":"https:\/\/trnoslav.vjeronauk.net\/index.php?rest_route=\/wp\/v2\/users\/1"}],"replies":[{"embeddable":true,"href":"https:\/\/trnoslav.vjeronauk.net\/index.php?rest_route=%2Fwp%2Fv2%2Fcomments&post=53"}],"version-history":[{"count":1,"href":"https:\/\/trnoslav.vjeronauk.net\/index.php?rest_route=\/wp\/v2\/pages\/53\/revisions"}],"predecessor-version":[{"id":54,"href":"https:\/\/trnoslav.vjeronauk.net\/index.php?rest_route=\/wp\/v2\/pages\/53\/revisions\/54"}],"wp:featuredmedia":[{"embeddable":true,"href":"https:\/\/trnoslav.vjeronauk.net\/index.php?rest_route=\/wp\/v2\/media\/57"}],"wp:attachment":[{"href":"https:\/\/trnoslav.vjeronauk.net\/index.php?rest_route=%2Fwp%2Fv2%2Fmedia&parent=53"}],"curies":[{"name":"wp","href":"https:\/\/api.w.org\/{rel}","templated":true}]}}